- 7*o(h). Calculate the remainder when 35 is divided by a(-15).
8
Let m = 84 - 82. Suppose 5*u + m*v - 7*v = 100, -u = 4*v. What is the remainder when (0 - 1)/((-1)/61) is divided by u?
13
Let v = 615 + -536. What is the remainder when 311 is divided by v?
74
Let v(m) = -m**2 - m - 708. Let t be v(0). Suppose 0*y + 34 = y - 2*n, 2*n - 50 = -2*y. Calculate the remainder when 74 is divided by 4/(-14) - t/y.
24
What is the remainder when 327 is divided by (-2575)/(-150) + 21/(-18)?
7
Let q(h) = h**3 + 16*h**2 - 20*h + 11. What is the remainder when q(-17) is divided by 16?
14
Let t be 1/3 + -1 - 697/(-51). Suppose -i - 2*b + t = 0, 2*i + 2*b - b = 17. Let h = -3 + 15. Calculate the remainder when h is divided by i.
5
Let q = 14 - 14. Suppose -4*y = q, -2*y + 38 = 4*c - 2*c. What is the remainder when 73 is divided by c?
16
Let f be -4 - -4 - (0 - 127). Suppose f - 45 = 2*j. Suppose 2*s - 118 = -3*r, -4*s - j - 27 = -2*r. Calculate the remainder when r is divided by 13.
12
Let l = -99 - -112. What is the remainder when 38 is divided by l?
12
Let z(g) = g**2 - 3*g + 3. Let h be z(3). Let l be 22/6*h - 1. Calculate the remainder when 23 is divided by ((-4)/l)/(3/(-90)).
11
Let w = 77 - 110. Let n = 12 - w. Let b(y) = 3*y + 4. Calculate the remainder when n is divided by b(4).
13
Suppose -i + 119 + 462 = 3*o, -3*i + 3*o = -1791. What is the remainder when i is divided by 22?
21
Let x = 1442 + -953. What is the remainder when x is divided by 29?
25
Let l(v) = v**2 - 6*v + 61. What is the remainder when l(7) is divided by 33?
2
Let g = -3 - -3. Suppose 16 = 2*h - 5*z - 9, g = 5*h + 5*z - 10. Calculate the remainder when -4*(9/12 - 3) is divided by h.
4
Let w(a) = 2*a**2 + 48. Let u be (4 - (3 + 1))/2. What is the remainder when w(u) is divided by 13?
9
Let p = 12 - 7. Suppose 3*g = v + 3*v - 64, -15 = g + 5*v. Calculate the remainder when g/50 + (-42)/(-5)*1 is divided by p.
3
Suppose -3*a = 2*g - 226, -74 - 226 = -4*a - 2*g. What is the remainder when a is divided by 15?
14
Let k(t) = t**2 + 2*t - 13. Let q be (1 - 10) + (4 + -3)*3. Calculate the remainder when 20 is divided by k(q).
9
Suppose -5*n = p - 301, -3*n + 3*p = p - 178. What is the remainder when (-182)/(-12) + (-10)/n is divided by 3?
0
Let l(g) = g - 2. Calculate the remainder when 14 is divided by l(4).
0
Let s(m) be the first derivative of m**3/3 + m**2 - 14. What is the remainder when 116/(-10)*(-5 + 0) is divided by s(-5)?
13
Let x = -371 + 435. What is the remainder when 190 is divided by x?
62
Suppose p - 5*p = -24. Suppose -2*v + 12 = p. Suppose 0*q = v*q - 36. Calculate the remainder when 47 is divided by q.
11
Suppose -3*p + 2 = -2*k + 5, 0 = -k - 2*p + 5. Suppose -k*m + 39 - 9 = 0. Calculate the remainder when 49 is divided by m.
9
Suppose -7*a = 110 - 12. Let d be (-14 - a) + 3 + -1. Suppose b + 22 = 3*b - d*t, -5*t = 0. Calculate the remainder when 43 is divided by b.
10
Let v be (-2)/(-12) + 2/(-12). Let h(r) = -r + 9. What is the remainder when h(v) is divided by 4?
1
Let b(g) = g**3 + g**2 - g - 2. Let c be b(2). Let u be c/((-8)/20*-5). Let n = u + 39. Calculate the remainder when n is divided by 11.
10
Suppose -2*s + 1665 = 1659. Calculate the remainder when (-2 - -1)/(1/(-7)) is divided by s.
1
Let f = -1399 + 2084. Calculate the remainder when f is divided by 225.
10
Suppose 4*x = l - 31, 4*l - 6*l = x - 44. Calculate the remainder when 39 is divided by l.
16
What is the remainder when 162 is divided by (-1479)/(-45) + (-48)/(-360)?
30
What is the remainder when 56 is divided by (3 - (-27)/(-6)) + 41/2?
18
Let k(h) = -h**2 + 9*h - 1. Suppose 8 = d + 5. Let g = d + 34. Calculate the remainder when g is divided by k(5).
18
Calculate the remainder when (-3324)/8*60/(-45) is divided by 15.
14
Suppose 55*d - 7840 = -25*d. Calculate the remainder when 283 is divided by d.
87
Suppose 0 = -13*a + 22*a - 171. What is the remainder when 50 is divided by a?
12
Let q = 3 + -18. Let g = 42 + q. What is the remainder when 80 is divided by g?
26
Suppose 2*w + 3 = o, o = 5*o - w + 9. Let x = o + 7. Suppose -x*v + 93 = -143. Calculate the remainder when v is divided by 15.
14
Let p = 99 + -109. Let j(y) = y + 53. Calculate the remainder when j(0) is divided by ((-4)/20)/(2/p) + 17.
17
Let b = -3 - -10. Suppose 122 - 24 = b*l. Calculate the remainder when 52 is divided by l.
10
Suppose -35*v + 311 = -1649. What is the remainder when 180 is divided by v?
12
Let k = 1 + -4. Let y(l) = 2*l**2 + 3*l + 4. Let n(i) = i**2 - 25*i - 100. What is the remainder when n(30) is divided by y(k)?
11
Let r = -11 + 22. Let i = 500 - 199. Suppose -6*g + i = g. Calculate the remainder when g is divided by r.
10
Suppose 4*k - k - 22 = -4*p, 4*k - 25 = -p. Suppose 48 = -k*d + 8*d. Let n = -18 + d. What is the remainder when 10 is divided by n?
4
Suppose 0 = -2*o + 8*o - 1500. What is the remainder when o is divided by 44?
30
Let l(j) = 176*j - 9. Calculate the remainder when l(1) is divided by 24.
23
Suppose 6*j - 23*j + 1241 = 0. What is the remainder when j is divided by 26?
21
Suppose 250*f = 256*f - 66. Calculate the remainder when 69 is divided by f.
3
Suppose -6*m + 240 = -m. What is the remainder when m/((-5)/2 - -3) is divided by (99/(-15))/(4/(-20))?
30
Let n be (-26)/(-30) - (-3 + (-172)/(-60)). Calculate the remainder when 127 is divided by n/(-2) - 27/(-2).
10
Suppose 51 = -2*d + 3*c, -2*d + 2*c = 19 + 27. Calculate the remainder when (d/(-27) - 14/(-6)) + 4 is divided by 4.
3
Suppose -5*x - 10 = 5*h, -5*h + 18 = 3*x - 8*h. Suppose -y + 2*y = 4*q - 200, -3*q + 161 = x*y. What is the remainder when q is divided by 13?
12
Suppose -2*s = -3*c + 1, 2*c + 13 = 4*s + c. Suppose s*u - l - 113 = u, u - 2*l = 36. Calculate the remainder when 74 is divided by u.
36
Suppose 5*r - 20 = -0*r. Suppose r*t + 2*f - 5 - 11 = 0, 18 = -t + 5*f. Suppose o = -q + 7, 3*o + 0*q = t*q + 1. Calculate the remainder when 7 is divided by o.
1
Let g = -31 + 38. Suppose 0 = -d + 3*d - 5*j + 78, 2*j = -d - 39. What is the remainder when (-40)/(-15)*d/(-4) is divided by g?
5
Calculate the remainder when ((-472)/(-12))/(10*(-4)/(-600)) is divided by 16.
14
Let r = -1010 + 1026. What is the remainder when 182 is divided by r?
6
Let h(v) be the first derivative of -v**4/4 + 7*v**3/3 + v**2/2 - 2*v + 13. Let o be h(3). Let y = -21 + o. Calculate the remainder when 27 is divided by y.
11
Let s(v) = -10*v + 4. Let h be s(2). Let u = h + 10. Calculate the remainder when (-241)/(-7) - u/(-14) is divided by 12.
10
Suppose -3*r + 0*r - 6 = 0. Let l be (r + (-4)/(-2))/(-2). Suppose -3*k = -5*a - l*a - 142, 5*k - 218 = -a. What is the remainder when k is divided by 15?
14
Let k(j) = -j**3 - j**2 + j - 1. Let w(o) = o**3 + 11*o**2 + 6*o + 13. Let b(y) = -2*k(y) - w(y). Calculate the remainder when 17 is divided by b(10).
8
Let v(n) = 3*n - 10. Let u be v(5). Suppose u*p - 26 = -3*f, f = -2*f - 4*p + 22. Suppose 4*c - f*c = 36. What is the remainder when 34 is divided by c?
16
Suppose 0 = -2*w + 5*g - 21, -5*g + 19 = -3*w - 0*g. Suppose 5*s - 2*p = 25, -3*s = -3*p - w*p + 4. What is the remainder when 26 is divided by s?
5
Let v be (-5)/(-10)*-8 - -31. Let a = v + -15. Suppose 7*t - a*t = -120. What is the remainder when 118 is divided by t?
22
Let o be (-252)/3*10/(-5). Let n = o + -102. Calculate the remainder when n is divided by 17.
15
Let y = 315 - 204. What is the remainder when y is divided by 19?
16
Suppose 42*q - 48360 = 12*q. What is the remainder when q is divided by 17?
14
Suppose -3*r = -2*q - 99, -q = 5*r - 0*q - 165. Suppose -f = f + 5*j - 22, -3*j = -3*f + r. What is the remainder when 30 is divided by f?
8
Suppose 0*n = 2*n - 18. Let g = -65 - -64. What is the remainder when 18*(0 - g)*(-28)/(-21) is divided by n?
6
Let x(l) = l**3 + 7*l**2 - l - 4. Let g be x(-7). Suppose y - 23 = -4*m, m - 4*m + 36 = -g*y. Calculate the remainder when 38 is divided by m.
3
Let b be 39/(-26)*(-112)/6. Let k = 1 + 15. Let f = b - k. What is the remainder when 22 is divided by f?
10
Suppose 10*r - 144 = -104. Calculate the remainder when 721 is divided by r.
1
What is the remainder when 36/48*4 - -204 is divided by 16?
15
Let r = -73 - -75. Calculate the remainder when 13 is divided by ((-48)/42)/(r/(-7)).
1
Let k = 317 + -225. Calculate